{"id":4437,"date":"2020-04-25T13:07:55","date_gmt":"2020-04-25T13:07:55","guid":{"rendered":"http:\/\/agri-sci.com\/about\/mision-vision\/"},"modified":"2020-04-25T13:07:55","modified_gmt":"2020-04-25T13:07:55","slug":"mision-vision","status":"publish","type":"page","link":"https:\/\/agri-sci.com\/?page_id=4437&lang=es","title":{"rendered":"Misi\u00f3n-Visi\u00f3n"},"content":{"rendered":"<div class=\"row\">\n<div class=\"col-sm-7 align-self-center\">\n<h5><img loading=\"lazy\" decoding=\"async\" width=\"700\" height=\"358\" class=\"alignnone img-fluid showdow_img size-full wp-image-62 img-responsive\" src=\"http:\/\/agri-sci.com\/wp-content\/uploads\/2019\/12\/fabrika6.jpg\" alt=\"\" srcset=\"https:\/\/agri-sci.com\/wp-content\/uploads\/2019\/12\/fabrika6.jpg 700w, https:\/\/agri-sci.com\/wp-content\/uploads\/2019\/12\/fabrika6-300x153.jpg 300w\" sizes=\"auto, (max-width: 700px) 100vw, 700px\" \/><\/h5>\n<\/div>\n<div class=\"col-sm-5 align-self-center\">\n<h5>Nuestra misi\u00f3n<\/h5>\n<p>Fabricar productos fertilizantes innovadores especiales y de protecci\u00f3n para los cultivos para un futuro sostenible y ecol\u00f3gico. <\/p>\n<h5>Visi\u00f3n<\/h5>\n<p>Ser la empresa agroqu\u00edmica l\u00edder en encontrar soluciones innovadoras para los agricultores que abordan desaf\u00edos claves en la agricultura.\n<\/p><\/div>\n<\/div>\n","protected":false},"excerpt":{"rendered":"<p>Nuestra misi\u00f3n Fabricar productos fertilizantes innovadores especiales y de protecci\u00f3n para los cultivos para un futuro sostenible y ecol\u00f3gico. Visi\u00f3n Ser la empresa agroqu\u00edmica l\u00edder en encontrar soluciones innovadoras para los agricultores que abordan desaf\u00edos claves en la agricultura.<\/p>\n","protected":false},"author":2,"featured_media":0,"parent":4045,"menu_order":0,"comment_status":"closed","ping_status":"closed","template":"","meta":{"footnotes":""},"class_list":["post-4437","page","type-page","status-publish","hentry"],"yoast_head":"<!-- This site is optimized with the Yoast SEO plugin v22.7 - https:\/\/yoast.com\/wordpress\/plugins\/seo\/ -->\r\n<title>Misi\u00f3n-Visi\u00f3n - Agri Sciences<\/title>\r\n<meta name=\"robots\" content=\"index, follow, max-snippet:-1, max-image-preview:large, max-video-preview:-1\" \/>\r\n<link rel=\"canonical\" href=\"https:\/\/agri-sci.com\/?page_id=59\" \/>\r\n<meta property=\"og:locale\" content=\"en_US\" \/>\r\n<meta property=\"og:type\" content=\"article\" \/>\r\n<meta property=\"og:title\" content=\"Misi\u00f3n-Visi\u00f3n - Agri Sciences\" \/>\r\n<meta property=\"og:url\" content=\"https:\/\/agri-sci.com\/?page_id=59\" \/>\r\n<meta property=\"og:site_name\" content=\"Agri Sciences\" \/>\r\n<meta property=\"og:image\" content=\"http:\/\/agri-sci.com\/wp-content\/uploads\/2019\/12\/fabrika6.jpg\" \/>\r\n<meta name=\"twitter:card\" content=\"summary_large_image\" \/>\r\n<script type=\"application\/ld+json\" class=\"yoast-schema-graph\">{\"@context\":\"https:\/\/schema.org\",\"@graph\":[{\"@type\":\"WebPage\",\"@id\":\"https:\/\/agri-sci.com\/?page_id=59\",\"url\":\"https:\/\/agri-sci.com\/?page_id=59\",\"name\":\"Misi\u00f3n-Visi\u00f3n - Agri Sciences\",\"isPartOf\":{\"@id\":\"https:\/\/agri-sci.com\/#website\"},\"primaryImageOfPage\":{\"@id\":\"https:\/\/agri-sci.com\/?page_id=59#primaryimage\"},\"image\":{\"@id\":\"https:\/\/agri-sci.com\/?page_id=59#primaryimage\"},\"thumbnailUrl\":\"http:\/\/agri-sci.com\/wp-content\/uploads\/2019\/12\/fabrika6.jpg\",\"datePublished\":\"2020-04-25T13:07:55+00:00\",\"dateModified\":\"2020-04-25T13:07:55+00:00\",\"breadcrumb\":{\"@id\":\"https:\/\/agri-sci.com\/?page_id=59#breadcrumb\"},\"inLanguage\":\"en-US\",\"potentialAction\":[{\"@type\":\"ReadAction\",\"target\":[\"https:\/\/agri-sci.com\/?page_id=59\"]}]},{\"@type\":\"ImageObject\",\"inLanguage\":\"en-US\",\"@id\":\"https:\/\/agri-sci.com\/?page_id=59#primaryimage\",\"url\":\"http:\/\/agri-sci.com\/wp-content\/uploads\/2019\/12\/fabrika6.jpg\",\"contentUrl\":\"http:\/\/agri-sci.com\/wp-content\/uploads\/2019\/12\/fabrika6.jpg\"},{\"@type\":\"BreadcrumbList\",\"@id\":\"https:\/\/agri-sci.com\/?page_id=59#breadcrumb\",\"itemListElement\":[{\"@type\":\"ListItem\",\"position\":1,\"name\":\"Home\",\"item\":\"https:\/\/agri-sci.com\/\"},{\"@type\":\"ListItem\",\"position\":2,\"name\":\"Sobre\",\"item\":\"https:\/\/agri-sci.com\/?page_id=51\"},{\"@type\":\"ListItem\",\"position\":3,\"name\":\"Misi\u00f3n-Visi\u00f3n\"}]},{\"@type\":\"WebSite\",\"@id\":\"https:\/\/agri-sci.com\/#website\",\"url\":\"https:\/\/agri-sci.com\/\",\"name\":\"Agri Sciences\",\"description\":\"a wide range of crop-protection products, including specialty fertilizers, pesticides and seed-care products\",\"potentialAction\":[{\"@type\":\"SearchAction\",\"target\":{\"@type\":\"EntryPoint\",\"urlTemplate\":\"https:\/\/agri-sci.com\/?s={search_term_string}\"},\"query-input\":\"required name=search_term_string\"}],\"inLanguage\":\"en-US\"}]}<\/script>\r\n<!-- \/ Yoast SEO plugin. -->","yoast_head_json":{"title":"Misi\u00f3n-Visi\u00f3n - Agri Sciences","robots":{"index":"index","follow":"follow","max-snippet":"max-snippet:-1","max-image-preview":"max-image-preview:large","max-video-preview":"max-video-preview:-1"},"canonical":"https:\/\/agri-sci.com\/?page_id=59","og_locale":"en_US","og_type":"article","og_title":"Misi\u00f3n-Visi\u00f3n - Agri Sciences","og_url":"https:\/\/agri-sci.com\/?page_id=59","og_site_name":"Agri Sciences","og_image":[{"url":"http:\/\/agri-sci.com\/wp-content\/uploads\/2019\/12\/fabrika6.jpg"}],"twitter_card":"summary_large_image","schema":{"@context":"https:\/\/schema.org","@graph":[{"@type":"WebPage","@id":"https:\/\/agri-sci.com\/?page_id=59","url":"https:\/\/agri-sci.com\/?page_id=59","name":"Misi\u00f3n-Visi\u00f3n - Agri Sciences","isPartOf":{"@id":"https:\/\/agri-sci.com\/#website"},"primaryImageOfPage":{"@id":"https:\/\/agri-sci.com\/?page_id=59#primaryimage"},"image":{"@id":"https:\/\/agri-sci.com\/?page_id=59#primaryimage"},"thumbnailUrl":"http:\/\/agri-sci.com\/wp-content\/uploads\/2019\/12\/fabrika6.jpg","datePublished":"2020-04-25T13:07:55+00:00","dateModified":"2020-04-25T13:07:55+00:00","breadcrumb":{"@id":"https:\/\/agri-sci.com\/?page_id=59#breadcrumb"},"inLanguage":"en-US","potentialAction":[{"@type":"ReadAction","target":["https:\/\/agri-sci.com\/?page_id=59"]}]},{"@type":"ImageObject","inLanguage":"en-US","@id":"https:\/\/agri-sci.com\/?page_id=59#primaryimage","url":"http:\/\/agri-sci.com\/wp-content\/uploads\/2019\/12\/fabrika6.jpg","contentUrl":"http:\/\/agri-sci.com\/wp-content\/uploads\/2019\/12\/fabrika6.jpg"},{"@type":"BreadcrumbList","@id":"https:\/\/agri-sci.com\/?page_id=59#breadcrumb","itemListElement":[{"@type":"ListItem","position":1,"name":"Home","item":"https:\/\/agri-sci.com\/"},{"@type":"ListItem","position":2,"name":"Sobre","item":"https:\/\/agri-sci.com\/?page_id=51"},{"@type":"ListItem","position":3,"name":"Misi\u00f3n-Visi\u00f3n"}]},{"@type":"WebSite","@id":"https:\/\/agri-sci.com\/#website","url":"https:\/\/agri-sci.com\/","name":"Agri Sciences","description":"a wide range of crop-protection products, including specialty fertilizers, pesticides and seed-care products","potentialAction":[{"@type":"SearchAction","target":{"@type":"EntryPoint","urlTemplate":"https:\/\/agri-sci.com\/?s={search_term_string}"},"query-input":"required name=search_term_string"}],"inLanguage":"en-US"}]}},"_links":{"self":[{"href":"https:\/\/agri-sci.com\/index.php?rest_route=\/wp\/v2\/pages\/4437","targetHints":{"allow":["GET"]}}],"collection":[{"href":"https:\/\/agri-sci.com\/index.php?rest_route=\/wp\/v2\/pages"}],"about":[{"href":"https:\/\/agri-sci.com\/index.php?rest_route=\/wp\/v2\/types\/page"}],"author":[{"embeddable":true,"href":"https:\/\/agri-sci.com\/index.php?rest_route=\/wp\/v2\/users\/2"}],"replies":[{"embeddable":true,"href":"https:\/\/agri-sci.com\/index.php?rest_route=%2Fwp%2Fv2%2Fcomments&post=4437"}],"version-history":[{"count":0,"href":"https:\/\/agri-sci.com\/index.php?rest_route=\/wp\/v2\/pages\/4437\/revisions"}],"up":[{"embeddable":true,"href":"https:\/\/agri-sci.com\/index.php?rest_route=\/wp\/v2\/pages\/4045"}],"wp:attachment":[{"href":"https:\/\/agri-sci.com\/index.php?rest_route=%2Fwp%2Fv2%2Fmedia&parent=4437"}],"curies":[{"name":"wp","href":"https:\/\/api.w.org\/{rel}","templated":true}]}}