{"id":234,"date":"2019-12-05T13:52:19","date_gmt":"2019-12-05T13:52:19","guid":{"rendered":"http:\/\/agri-sci.com\/?page_id=234"},"modified":"2020-01-23T10:17:50","modified_gmt":"2020-01-23T10:17:50","slug":"hakkimizda","status":"publish","type":"page","link":"https:\/\/agri-sci.com\/?page_id=234&lang=tr","title":{"rendered":"Hakk\u0131m\u0131zda"},"content":{"rendered":"<div class=\"row\">\n<div class=\"col-sm-7 align-self-center\">\n<h5><img loading=\"lazy\" decoding=\"async\" width=\"848\" height=\"369\" class=\"alignnone img-fluid showdow_img size-full showdow_img wp-image-52 img-responsive\" src=\"http:\/\/agri-sci.com\/wp-content\/uploads\/2019\/12\/about_bg.jpg\" alt=\"\" srcset=\"https:\/\/agri-sci.com\/wp-content\/uploads\/2019\/12\/about_bg.jpg 848w, https:\/\/agri-sci.com\/wp-content\/uploads\/2019\/12\/about_bg-300x131.jpg 300w, https:\/\/agri-sci.com\/wp-content\/uploads\/2019\/12\/about_bg-768x334.jpg 768w\" sizes=\"auto, (max-width: 848px) 100vw, 848px\" \/><\/h5>\n<\/div>\n<div class=\"col-sm-5 align-self-center\">Agri Sciences, markal\u0131 bitki koruma pestisitlerini ve \u00f6zel g\u00fcbreleri geli\u015ftiren, form\u00fcle eden ve pazarlayan, geli\u015fim odakl\u0131 bir ziraat kimsayallar\u0131 firmas\u0131d\u0131r.<\/p>\n<p>Agri Sciences, g\u00fc\u00e7l\u00fc \u00fcreticilerle olan i\u015f birli\u011fini art\u0131rarak, mevzuata m\u00fckemmel uyum sa\u011flayarak ve form\u00fclasyon teknolojilerini geli\u015ftirerek birinci s\u0131n\u0131f bitki koruma ve bitki besleme \u015firketi olmay\u0131 ama\u00e7lamaktad\u0131r. Son teknoloji form\u00fclasyon olanaklar\u0131m\u0131z sayesinde kat\u0131 kalite kontrol sistemlerine uyum sa\u011flarken, bir\u00e7ok zirai kimyasal form\u00fcl\u00fc \u00fcretebilmekteyiz.\n<\/p><\/div>\n<\/div>\n<p>T\u00fcrkiye&#8217;den D\u00fcnya&#8217;ya a\u00e7\u0131lan Agri Sciences Ocak 2010&#8217;da \u0130zmir, T\u00fcrkiye&#8217;de kurulmu\u015f olup, h\u0131zla di\u011fer \u00fclkelere de yay\u0131lm\u0131\u015ft\u0131r. \u015eirketimiz bir\u00e7ok yenilik\u00e7i marka ve \u00fcr\u00fcn geli\u015ftirmi\u015ftir. Agri Sciences&#8217;ta \u00fcretim modern tesislerde, i\u015finin ehli uzmanlarla ve ileri \u00fcretim teknolojileriyle ger\u00e7ekle\u015ftirilmektedir. Geni\u015fleyen tesisler 10,000 m2&#8217;nin \u00fczerindedir ve \u0130zmir &#8216;in Torbal\u0131 il\u00e7esindeki Pancar b\u00f6lgesinde yer al\u0131r.<\/p>\n<p>Yakla\u015f\u0131m\u0131m\u0131z, yat\u0131r\u0131m\u0131 te\u015fvik eden bir ortamda m\u00fc\u015fteri taleplerini kar\u015f\u0131layan hizmet ile y\u00fcksek kaliteli \u00fcr\u00fcnleri birle\u015ftirmektedir.<\/p>\n<p>Agri Sciences d\u00fcnya \u00e7ap\u0131nda tan\u0131nm\u0131\u015f kalite sistemlerine uyar, \u00f6rne\u011fin:<\/p>\n<ul>\n<li>ISO 9001:2008 Kalite Y\u00f6netim Sistemi.<\/li>\n<li>OHSAS 18001 \u0130\u015f Sa\u011fl\u0131\u011f\u0131 ve G\u00fcvenli\u011fi Y\u00f6netim Sistemi.<\/li>\n<li>ISO 14001 \u00c7evre Y\u00f6netim Sistemi.<\/li>\n<li>ISO 17025 Laboratuvar Akreditasyonu Kalite Y\u00f6netim Sistemi.<\/li>\n<\/ul>\n","protected":false},"excerpt":{"rendered":"<p>Agri Sciences, markal\u0131 bitki koruma pestisitlerini ve \u00f6zel g\u00fcbreleri geli\u015ftiren, form\u00fcle eden ve pazarlayan, geli\u015fim odakl\u0131 bir ziraat kimsayallar\u0131 firmas\u0131d\u0131r. Agri Sciences, g\u00fc\u00e7l\u00fc \u00fcreticilerle olan i\u015f birli\u011fini art\u0131rarak, mevzuata m\u00fckemmel uyum sa\u011flayarak ve form\u00fclasyon teknolojilerini geli\u015ftirerek birinci s\u0131n\u0131f bitki koruma ve bitki besleme \u015firketi olmay\u0131 ama\u00e7lamaktad\u0131r. Son teknoloji form\u00fclasyon olanaklar\u0131m\u0131z sayesinde kat\u0131 kalite kontrol sistemlerine [&hellip;]<\/p>\n","protected":false},"author":2,"featured_media":0,"parent":0,"menu_order":0,"comment_status":"closed","ping_status":"closed","template":"","meta":{"footnotes":""},"class_list":["post-234","page","type-page","status-publish","hentry"],"yoast_head":"<!-- This site is optimized with the Yoast SEO plugin v22.7 - https:\/\/yoast.com\/wordpress\/plugins\/seo\/ -->\r\n<title>Hakk\u0131m\u0131zda - Agri Sciences<\/title>\r\n<meta name=\"robots\" content=\"index, follow, max-snippet:-1, max-image-preview:large, max-video-preview:-1\" \/>\r\n<link rel=\"canonical\" href=\"https:\/\/agri-sci.com\/?page_id=51\" \/>\r\n<meta property=\"og:locale\" content=\"en_US\" \/>\r\n<meta property=\"og:type\" content=\"article\" \/>\r\n<meta property=\"og:title\" content=\"Hakk\u0131m\u0131zda - Agri Sciences\" \/>\r\n<meta property=\"og:url\" content=\"https:\/\/agri-sci.com\/?page_id=51\" \/>\r\n<meta property=\"og:site_name\" content=\"Agri Sciences\" \/>\r\n<meta property=\"article:modified_time\" content=\"2020-01-23T10:17:50+00:00\" \/>\r\n<meta property=\"og:image\" content=\"http:\/\/agri-sci.com\/wp-content\/uploads\/2019\/12\/about_bg.jpg\" \/>\r\n<meta name=\"twitter:card\" content=\"summary_large_image\" \/>\r\n<meta name=\"twitter:label1\" content=\"Est. reading time\" \/>\n\t<meta name=\"twitter:data1\" content=\"1 minute\" \/>\r\n<script type=\"application\/ld+json\" class=\"yoast-schema-graph\">{\"@context\":\"https:\/\/schema.org\",\"@graph\":[{\"@type\":\"WebPage\",\"@id\":\"https:\/\/agri-sci.com\/?page_id=51\",\"url\":\"https:\/\/agri-sci.com\/?page_id=51\",\"name\":\"Hakk\u0131m\u0131zda - Agri Sciences\",\"isPartOf\":{\"@id\":\"https:\/\/agri-sci.com\/#website\"},\"primaryImageOfPage\":{\"@id\":\"https:\/\/agri-sci.com\/?page_id=51#primaryimage\"},\"image\":{\"@id\":\"https:\/\/agri-sci.com\/?page_id=51#primaryimage\"},\"thumbnailUrl\":\"http:\/\/agri-sci.com\/wp-content\/uploads\/2019\/12\/about_bg.jpg\",\"datePublished\":\"2019-12-05T13:52:19+00:00\",\"dateModified\":\"2020-01-23T10:17:50+00:00\",\"breadcrumb\":{\"@id\":\"https:\/\/agri-sci.com\/?page_id=51#breadcrumb\"},\"inLanguage\":\"en-US\",\"potentialAction\":[{\"@type\":\"ReadAction\",\"target\":[\"https:\/\/agri-sci.com\/?page_id=51\"]}]},{\"@type\":\"ImageObject\",\"inLanguage\":\"en-US\",\"@id\":\"https:\/\/agri-sci.com\/?page_id=51#primaryimage\",\"url\":\"http:\/\/agri-sci.com\/wp-content\/uploads\/2019\/12\/about_bg.jpg\",\"contentUrl\":\"http:\/\/agri-sci.com\/wp-content\/uploads\/2019\/12\/about_bg.jpg\"},{\"@type\":\"BreadcrumbList\",\"@id\":\"https:\/\/agri-sci.com\/?page_id=51#breadcrumb\",\"itemListElement\":[{\"@type\":\"ListItem\",\"position\":1,\"name\":\"Home\",\"item\":\"https:\/\/agri-sci.com\/\"},{\"@type\":\"ListItem\",\"position\":2,\"name\":\"Hakk\u0131m\u0131zda\"}]},{\"@type\":\"WebSite\",\"@id\":\"https:\/\/agri-sci.com\/#website\",\"url\":\"https:\/\/agri-sci.com\/\",\"name\":\"Agri Sciences\",\"description\":\"a wide range of crop-protection products, including specialty fertilizers, pesticides and seed-care products\",\"potentialAction\":[{\"@type\":\"SearchAction\",\"target\":{\"@type\":\"EntryPoint\",\"urlTemplate\":\"https:\/\/agri-sci.com\/?s={search_term_string}\"},\"query-input\":\"required name=search_term_string\"}],\"inLanguage\":\"en-US\"}]}<\/script>\r\n<!-- \/ Yoast SEO plugin. -->","yoast_head_json":{"title":"Hakk\u0131m\u0131zda - Agri Sciences","robots":{"index":"index","follow":"follow","max-snippet":"max-snippet:-1","max-image-preview":"max-image-preview:large","max-video-preview":"max-video-preview:-1"},"canonical":"https:\/\/agri-sci.com\/?page_id=51","og_locale":"en_US","og_type":"article","og_title":"Hakk\u0131m\u0131zda - Agri Sciences","og_url":"https:\/\/agri-sci.com\/?page_id=51","og_site_name":"Agri Sciences","article_modified_time":"2020-01-23T10:17:50+00:00","og_image":[{"url":"http:\/\/agri-sci.com\/wp-content\/uploads\/2019\/12\/about_bg.jpg"}],"twitter_card":"summary_large_image","twitter_misc":{"Est. reading time":"1 minute"},"schema":{"@context":"https:\/\/schema.org","@graph":[{"@type":"WebPage","@id":"https:\/\/agri-sci.com\/?page_id=51","url":"https:\/\/agri-sci.com\/?page_id=51","name":"Hakk\u0131m\u0131zda - Agri Sciences","isPartOf":{"@id":"https:\/\/agri-sci.com\/#website"},"primaryImageOfPage":{"@id":"https:\/\/agri-sci.com\/?page_id=51#primaryimage"},"image":{"@id":"https:\/\/agri-sci.com\/?page_id=51#primaryimage"},"thumbnailUrl":"http:\/\/agri-sci.com\/wp-content\/uploads\/2019\/12\/about_bg.jpg","datePublished":"2019-12-05T13:52:19+00:00","dateModified":"2020-01-23T10:17:50+00:00","breadcrumb":{"@id":"https:\/\/agri-sci.com\/?page_id=51#breadcrumb"},"inLanguage":"en-US","potentialAction":[{"@type":"ReadAction","target":["https:\/\/agri-sci.com\/?page_id=51"]}]},{"@type":"ImageObject","inLanguage":"en-US","@id":"https:\/\/agri-sci.com\/?page_id=51#primaryimage","url":"http:\/\/agri-sci.com\/wp-content\/uploads\/2019\/12\/about_bg.jpg","contentUrl":"http:\/\/agri-sci.com\/wp-content\/uploads\/2019\/12\/about_bg.jpg"},{"@type":"BreadcrumbList","@id":"https:\/\/agri-sci.com\/?page_id=51#breadcrumb","itemListElement":[{"@type":"ListItem","position":1,"name":"Home","item":"https:\/\/agri-sci.com\/"},{"@type":"ListItem","position":2,"name":"Hakk\u0131m\u0131zda"}]},{"@type":"WebSite","@id":"https:\/\/agri-sci.com\/#website","url":"https:\/\/agri-sci.com\/","name":"Agri Sciences","description":"a wide range of crop-protection products, including specialty fertilizers, pesticides and seed-care products","potentialAction":[{"@type":"SearchAction","target":{"@type":"EntryPoint","urlTemplate":"https:\/\/agri-sci.com\/?s={search_term_string}"},"query-input":"required name=search_term_string"}],"inLanguage":"en-US"}]}},"_links":{"self":[{"href":"https:\/\/agri-sci.com\/index.php?rest_route=\/wp\/v2\/pages\/234","targetHints":{"allow":["GET"]}}],"collection":[{"href":"https:\/\/agri-sci.com\/index.php?rest_route=\/wp\/v2\/pages"}],"about":[{"href":"https:\/\/agri-sci.com\/index.php?rest_route=\/wp\/v2\/types\/page"}],"author":[{"embeddable":true,"href":"https:\/\/agri-sci.com\/index.php?rest_route=\/wp\/v2\/users\/2"}],"replies":[{"embeddable":true,"href":"https:\/\/agri-sci.com\/index.php?rest_route=%2Fwp%2Fv2%2Fcomments&post=234"}],"version-history":[{"count":4,"href":"https:\/\/agri-sci.com\/index.php?rest_route=\/wp\/v2\/pages\/234\/revisions"}],"predecessor-version":[{"id":4039,"href":"https:\/\/agri-sci.com\/index.php?rest_route=\/wp\/v2\/pages\/234\/revisions\/4039"}],"wp:attachment":[{"href":"https:\/\/agri-sci.com\/index.php?rest_route=%2Fwp%2Fv2%2Fmedia&parent=234"}],"curies":[{"name":"wp","href":"https:\/\/api.w.org\/{rel}","templated":true}]}}